uppose 3*n + 6 = -5*c - 0, 0 = 5*n - 4*c - 27. Suppose 2*i + 2 = 4*b + 4*i, -n*b + 4*i = -29. What are the prime factors of b?
3
Let t = -7 - -12. Suppose 3*h - t - 4 = 0, -f = -2*h - 18. Suppose 0 = -m - m + f. What are the prime factors of m?
2, 3
List the prime factors of (-3 + (4 - 2))/(2/(-512)).
2
Let s be -4*(-1 + 3/12). Let z be 56/s + 2/(-3). Suppose z = 4*i - i. List the prime factors of i.
2, 3
Let h(v) = v**2 + 13*v - 2. Let k be h(-14). Suppose k = 2*j - j. What are the prime factors of j?
2, 3
Suppose 5*a - 70 = 70. Suppose w - 2*b = a, -w - 4*b - 32 = -2*w. Suppose -u + w = 2*u. What are the prime factors of u?
2
What are the prime factors of (3 - 4)*1 + 47?
2, 23
Let g(t) be the second derivative of -t**3/6 + t**2 - 2*t. List the prime factors of g(-7).
3
Let d be ((-1)/2)/((-6)/(-60)). Let l = d - 1. What are the prime factors of 2*(3/l + 3)?
5
Let x(v) = -v**2 + 7*v - 6. Let w be x(7). List the prime factors of w*6/(-20)*5.
3
Let k(d) = -d**3 - 8*d**2 + 6*d + 7. What are the prime factors of k(-9)?
2, 17
Suppose 12 = 4*n - 2*m, 0 = -n + m + 3 + 1. Let b(x) = -4*x**2 + 3*x**2 + 0*x**n + 7 - 2. What are the prime factors of b(0)?
5
Let b be 7*(-4)/(-4)*4. Suppose -232 - b = -5*u. What are the prime factors of u?
2, 13
Suppose 0 = 2*r - 83 + 15. Suppose r = 5*f - 11. List the prime factors of f.
3
Let c = 100 + 112. What are the prime factors of c?
2, 53
Let i be (30/(-1))/1 - 1. Let k = i + 19. Let c = k + 21. List the prime factors of c.
3
Suppose t + 18 = 7*t. What are the prime factors of t?
3
Suppose 0 = d + 3*d - 192. Suppose -p - d = -5*p. List the prime factors of p.
2, 3
Suppose 3 + 19 = -2*s. Let d be (-2)/(-6) - s/3. Suppose -3*n + 6*r = r - 41, -3*n + 32 = d*r. List the prime factors of n.
2, 3
Let a = 345 + -213. What are the prime factors of a?
2, 3, 11
Let j = -101 - -156. What are the prime factors of j?
5, 11
Let a(b) be the second derivative of b**4/12 - 2*b**3/3 + 3*b**2 - 23*b. Let v = -1 + 5. What are the prime factors of a(v)?
2, 3
Suppose 8 = -2*p, 4*x = -p + 3*p + 72. Suppose -2*s - x = 2*s. List the prime factors of (-147)/(-12) + 1/s.
2, 3
Let r = 12 + -8. Let m(z) = -z**3 + 3*z**2 + 2*z + 5. Let p be m(r). Let j(v) = -3*v + 3. List the prime factors of j(p).
2, 3
Suppose -2*r + 3*d = 0, 2*r + 7*d = 2*d + 16. List the prime factors of r.
3
Let x(n) = n**2 + 1. Let a be -3*3/((-27)/6). Suppose -7*q = -a*q - 10. List the prime factors of x(q).
5
Let i be -6*-3*(-5)/(-18). Suppose -i*b + 0*f = -2*f - 33, 2*b + 2*f - 16 = 0. List the prime factors of b.
7
Let q = 9 - 6. Suppose -4*h = -0*w + 2*w - 150, -q*h - 5*w + 123 = 0. Suppose -4*u + h = -u. List the prime factors of u.
2, 3
Suppose d = 2*d - 4. Let o = 8 - d. Suppose 3 + 12 = 4*f + 5*v, -5*f = o*v - 30. What are the prime factors of f?
2, 5
Let d(k) = -5*k**3 + 6*k**2 + 7*k + 10. Let c(w) = w**3. Let p(y) = 4*c(y) + d(y). What are the prime factors of p(7)?
2, 5
Let x = 0 - 1. Suppose -5*h = -83 + 28. Let m = h - x. List the prime factors of m.
2, 3
Let y(f) = f**2 + 3*f - 7. Let z = -5 + -1. List the prime factors of y(z).
11
Suppose -3*c + 2*c = -5*t + 33, 2*t = c + 15. Suppose 12 = -4*z + t*z. Suppose -3*n + 36 - z = 0. What are the prime factors of n?
2, 5
Suppose 5*x - 46 = -291. List the prime factors of (-672)/x - (-2)/7.
2, 7
Let z be (-3 + 5 - -28)*-9. What are the prime factors of (-4)/(-14) + z/(-35)?
2
Let q be (-9 + -387)*2/(-4). What are the prime factors of q/30 - (-2)/5?
7
Let a = -28 - -69. List the prime factors of a.
41
Let k = 6 - 6. Suppose k = j + 5*s - 29, 0*s = 2*j - 5*s - 88. What are the prime factors of j?
3, 13
Suppose -2 = -2*r - 0, -4*p - 5*r + 33 = 0. Let m be ((-14)/p)/(1/(-3)). Suppose 3*b = -5*w + 26, 8 = 3*w + b - m. What are the prime factors of w?
2
Suppose -2*z + 12 = -4*v - 0*v, 0 = 4*v + 5*z + 26. Let i(g) = g + 8. What are the prime factors of i(v)?
2
Let v(m) = m**3 - 6*m**2 - 6*m + 9. What are the prime factors of v(7)?
2
Let c(w) = 5*w**2 - 4*w - 4*w**2 + 0*w**2 - 6 + w. Let a be ((-10)/(-6))/(2/6). List the prime factors of c(a).
2
Suppose 0 = g + 2*g - 48. Suppose 4*v + 3*t = -15, 2*v - 5*t + 36 = 9. Let s = v + g. List the prime factors of s.
2, 5
Let h = -4 + 5. Let k be (1 - 0/1) + h. Suppose y = k - 0. What are the prime factors of y?
2
Let m be (-20)/(-6) + 6/9. Suppose 3*i - m*o = 5*i - 10, 4*o = 5*i - 11. Suppose -q - 2 = l, i*l + 5 + 13 = q. What are the prime factors of q?
3
Let w be (-21)/(-4) - 8/32. Let x(z) be the first derivative of z**4/4 - 5*z**3/3 + 3*z - 1. List the prime factors of x(w).
3
Suppose 2*m - 10 = -5*q, 2*m - 10 = 2*q - 0*q. What are the prime factors of q - (-4 - -2) - -1?
3
Suppose -2*k - 3*r - 12 = -4, -18 = -3*k + 3*r. Suppose -5*j = k*i - 4*j - 79, 0 = -2*i - 3*j + 77. List the prime factors of (-2)/6 + i/3.
13
Suppose 3*m - 2*b - 110 = 0, 2*b - 5*b - 185 = -5*m. What are the prime factors of m?
2, 5
Let p = 0 + 8. What are the prime factors of p?
2
Suppose -5*f = -2*f - 63. Suppose -f*a = -25*a + 96. What are the prime factors of a?
2, 3
Let v = 62 - -34. List the prime factors of v.
2, 3
Let s(v) = 3*v - 6*v**2 + 8*v**3 + v - 7*v**3. Let j be s(5). Let l(y) = y**3 + 5*y**2 - y + 4. List the prime factors of l(j).
3
Suppose 6*o = 3*o. Let c(d) = d**2 + 7*d + 8. Let f be c(-6). Suppose -j + f + 5 = o. List the prime factors of j.
7
Let c(d) = -d**3 + 5*d**2 + 3*d + 5. Let n(y) = -y**3 + 4*y**2 + 4*y + 5. Let a(q) = 3*c(q) - 2*n(q). What are the prime factors of a(7)?
2, 3
Let u be 2/(-8) - 21/(-4). What are the prime factors of (u/(-5))/(2/(-10))?
5
Let z(d) = 7*d**2 + d - 1. Let t(h) = -8*h**2 - 2*h + 1. Let o(s) = 5*t(s) + 6*z(s). Suppose 0 = 2*x - 2 - 4. List the prime factors of o(x).
5
Let l = -21 + 31. What are the prime factors of l?
2, 5
Suppose -3*q - 6 = 39. Let f(s) = -3*s - 4. What are the prime factors of f(q)?
41
Let r = -10 - -19. What are the prime factors of r?
3
Suppose 20 = 5*h, 3*h + 20 + 376 = 3*t. What are the prime factors of t/(-12)*(-6)/4?
17
Let o(w) = 2*w**2. What are the prime factors of o(-2)?
2
Let p(g) = g**3 - 4*g**2 - 6*g + 3. Suppose 2*y = -0*y + 10. Let k be p(y). Let o(d) = -2*d**3 - d**2 + d + 1. What are the prime factors of o(k)?
11
Let a = -36 - -50. What are the prime factors of a/3*108/24?
3, 7
Suppose -11*c + 16*c = -45. What are the prime factors of (-80)/(-15)*c/(-6)?
2
Let i(y) = y**3 - 3*y**2 + 4*y + 3. List the prime factors of i(4).
5, 7
Let o(i) = -i**2 - 5*i - 4. Let c be o(-3). Suppose 2*s = -0*s + 144. Suppose 0 = 5*k + c*b - s, 4*k + 4*b = 28 + 20. What are the prime factors of k?
2
Suppose -2*f + 8 = -88. What are the prime factors of f?
2, 3
Suppose 8*x = 2*i + 3*x - 10, -4*x - 10 = -2*i. Let y(h) = h**3 - 6*h**2 + 6*h + 6. What are the prime factors of y(i)?
11
Suppose -2*l + 1 = 5. List the prime factors of (-1 - (40 - -1))/l.
3, 7
Suppose -94 - 365 = -3*a. List the prime factors of a.
3, 17
Let h(q) = q**2 + 2*q + 2*q**3 + 12*q**3 - 4 + 5. Let v be h(-1). Let r = v - -21. List the prime factors of r.
7
Let u(l) = 16*l**2 - 3*l + 1. Let c be u(2). Suppose -4*p - 103 = 65. Let q = p + c. List the prime factors of q.
17
Suppose 4*o = 2*m + 14, -23 = -0*m - 3*m - 5*o. Let y = m - 3. What are the prime factors of (4/(-8))/(y/28)?
7
Let c be 134/10 + (-8)/20. Let y = -1 + c. List the prime factors of y.
2, 3
Let n = -49 + -4. Let d = -3 - n. What are the prime factors of d?
2, 5
What are the prime factors of (2 - 2) + 37 + -4?
3, 11
Let m(k) = -8*k**2 - 35*k + 26. Let f(q) = 3*q**2 + 12*q - 9. Let v(b) = -11*f(b) - 4*m(b). What are the prime factors of v(6)?
7
Let s(f) = f**3 - f**2 - f + 4. Let i be s(0). Suppose 45 = 5*o - y, -o + 16 = i*y - 14. Suppose 2 = -4*n + o. List the prime factors of n.
2
Suppose 0 = -2*w + 5*h + 6, w - h = h + 3. Let t = w + 0. What are the prime factors of t?
3
Suppose 3*g = 9*g - 126. Suppose 3*s = j + 5, 5*s - 4 = -2*j + 4*s. Suppose 0 = 2*m - g + j. What are the prime factors of m?
2, 5
Suppose -2*m - 10 = -4*m, -4*m = t - 69. List the prime factors of t.
7
Let l = -3 + -4. Let y = 25 + l. Suppose -n + 3*n = y. What are the prime factors of n?
3
Let i(u) = 4*u - 14. List the prime factors of i(11).
2, 3, 5
Suppose 5*r = 5*m + 25 - 5, -r = -5*m - 8. Suppose r*b = -2*b + 155. List the